{"id":6,"date":"2021-04-08T03:02:22","date_gmt":"2021-04-08T03:02:22","guid":{"rendered":"http:\/\/informatepy.com\/news\/politica-de-cookies\/"},"modified":"2021-04-08T03:02:22","modified_gmt":"2021-04-08T03:02:22","slug":"politica-de-cookies","status":"publish","type":"page","link":"https:\/\/informatepy.com\/news\/politica-de-cookies\/","title":{"rendered":"Pol\u00edtica de cookies"},"content":{"rendered":"<p>Este sitio utiliza cookies &#8211; peque\u00f1os archivos de texto que se colocan en tu m\u00e1quina para ayudar a que el sitio proporcione una mejor experiencia al usuario. En general, las cookies se utilizan para conservar las preferencias del usuario, almacenar informaci\u00f3n para cosas como carritos de la compra y proporcionar datos de seguimiento an\u00f3nimos a aplicaciones de terceros como Google Analytics. Como regla general, las cookies har\u00e1n que tu experiencia de navegaci\u00f3n sea mejor. Sin embargo, es posible que prefieras desactivar las cookies en este sitio y en otros. La forma m\u00e1s eficaz de hacerlo es desactivar las cookies en tu navegador. Te sugerimos que consultes la secci\u00f3n de Ayuda de tu navegador o que eches un vistazo a la <a href=\"http:\/\/www.aboutcookies.org\">p\u00e1gina web de About Cookies<\/a>, que ofrece orientaci\u00f3n para todos los navegadores modernos.<\/p>\n","protected":false},"excerpt":{"rendered":"<p>Este sitio utiliza cookies &#8211; peque\u00f1os archivos de texto que se colocan en tu m\u00e1quina para ayudar a que el sitio proporcione una mejor experiencia al usuario. En general, las cookies se utilizan para conservar las preferencias del usuario, almacenar informaci\u00f3n para cosas como carritos de la compra y proporcionar datos de seguimiento an\u00f3nimos a &hellip;<\/p>\n","protected":false},"author":1,"featured_media":0,"parent":0,"menu_order":0,"comment_status":"closed","ping_status":"closed","template":"","meta":{"footnotes":""},"class_list":["post-6","page","type-page","status-publish","hentry"],"yoast_head":"<!-- This site is optimized with the Yoast SEO plugin v16.1.1 - https:\/\/yoast.com\/wordpress\/plugins\/seo\/ -->\n<title>Pol\u00edtica de cookies - Informatepy<\/title>\n<link rel=\"canonical\" href=\"https:\/\/informatepy.com\/news\/politica-de-cookies\/\" \/>\n<meta property=\"og:locale\" content=\"es_ES\" \/>\n<meta property=\"og:type\" content=\"article\" \/>\n<meta property=\"og:title\" content=\"Pol\u00edtica de cookies - Informatepy\" \/>\n<meta property=\"og:description\" content=\"Este sitio utiliza cookies &#8211; peque\u00f1os archivos de texto que se colocan en tu m\u00e1quina para ayudar a que el sitio proporcione una mejor experiencia al usuario. En general, las cookies se utilizan para conservar las preferencias del usuario, almacenar informaci\u00f3n para cosas como carritos de la compra y proporcionar datos de seguimiento an\u00f3nimos a &hellip;\" \/>\n<meta property=\"og:url\" content=\"https:\/\/informatepy.com\/news\/politica-de-cookies\/\" \/>\n<meta property=\"og:site_name\" content=\"Informatepy\" \/>\n<meta name=\"twitter:card\" content=\"summary_large_image\" \/>\n<meta name=\"twitter:label1\" content=\"Tiempo de lectura\">\n\t<meta name=\"twitter:data1\" content=\"1 minuto\">\n<script type=\"application\/ld+json\" class=\"yoast-schema-graph\">{\"@context\":\"https:\/\/schema.org\",\"@graph\":[{\"@type\":\"WebSite\",\"@id\":\"https:\/\/informatepy.com\/news\/#website\",\"url\":\"https:\/\/informatepy.com\/news\/\",\"name\":\"Informatepy\",\"description\":\"Otro sitio realizado con WordPress\",\"potentialAction\":[{\"@type\":\"SearchAction\",\"target\":\"https:\/\/informatepy.com\/news\/?s={search_term_string}\",\"query-input\":\"required name=search_term_string\"}],\"inLanguage\":\"es\"},{\"@type\":\"WebPage\",\"@id\":\"https:\/\/informatepy.com\/news\/politica-de-cookies\/#webpage\",\"url\":\"https:\/\/informatepy.com\/news\/politica-de-cookies\/\",\"name\":\"Pol\\u00edtica de cookies - Informatepy\",\"isPartOf\":{\"@id\":\"https:\/\/informatepy.com\/news\/#website\"},\"datePublished\":\"2021-04-08T03:02:22+00:00\",\"dateModified\":\"2021-04-08T03:02:22+00:00\",\"breadcrumb\":{\"@id\":\"https:\/\/informatepy.com\/news\/politica-de-cookies\/#breadcrumb\"},\"inLanguage\":\"es\",\"potentialAction\":[{\"@type\":\"ReadAction\",\"target\":[\"https:\/\/informatepy.com\/news\/politica-de-cookies\/\"]}]},{\"@type\":\"BreadcrumbList\",\"@id\":\"https:\/\/informatepy.com\/news\/politica-de-cookies\/#breadcrumb\",\"itemListElement\":[{\"@type\":\"ListItem\",\"position\":1,\"item\":{\"@type\":\"WebPage\",\"@id\":\"https:\/\/informatepy.com\/news\/\",\"url\":\"https:\/\/informatepy.com\/news\/\",\"name\":\"Portada\"}},{\"@type\":\"ListItem\",\"position\":2,\"item\":{\"@type\":\"WebPage\",\"@id\":\"https:\/\/informatepy.com\/news\/politica-de-cookies\/\",\"url\":\"https:\/\/informatepy.com\/news\/politica-de-cookies\/\",\"name\":\"Pol\\u00edtica de cookies\"}}]}]}<\/script>\n<!-- \/ Yoast SEO plugin. -->","amp_validity":null,"amp_enabled":true,"_links":{"self":[{"href":"https:\/\/informatepy.com\/news\/wp-json\/wp\/v2\/pages\/6","targetHints":{"allow":["GET"]}}],"collection":[{"href":"https:\/\/informatepy.com\/news\/wp-json\/wp\/v2\/pages"}],"about":[{"href":"https:\/\/informatepy.com\/news\/wp-json\/wp\/v2\/types\/page"}],"author":[{"embeddable":true,"href":"https:\/\/informatepy.com\/news\/wp-json\/wp\/v2\/users\/1"}],"replies":[{"embeddable":true,"href":"https:\/\/informatepy.com\/news\/wp-json\/wp\/v2\/comments?post=6"}],"version-history":[{"count":0,"href":"https:\/\/informatepy.com\/news\/wp-json\/wp\/v2\/pages\/6\/revisions"}],"wp:attachment":[{"href":"https:\/\/informatepy.com\/news\/wp-json\/wp\/v2\/media?parent=6"}],"curies":[{"name":"wp","href":"https:\/\/api.w.org\/{rel}","templated":true}]}}