{"version":"1.0","provider_name":"Informate Py Creemos en la libertad de expresi\u00f3n y en la capacidad de la gente de reflexionar\u00a0por\u00a0si\u00a0misma","provider_url":"https:\/\/informatepy.com\/2024","title":"Efra\u00edn \"se aferra\" a la presidencia del PLRA - Informate Py Creemos en la libertad de expresi\u00f3n y en la capacidad de la gente de reflexionar\u00a0por\u00a0si\u00a0misma","type":"rich","width":600,"height":338,"html":"<blockquote class=\"wp-embedded-content\" data-secret=\"qM5MnoczJP\"><a href=\"https:\/\/informatepy.com\/2024\/2023\/05\/29\/efrain-se-aferra-a-la-presidencia-del-plra\/\">Efra\u00edn \u00abse aferra\u00bb a la presidencia del PLRA<\/a><\/blockquote><iframe sandbox=\"allow-scripts\" security=\"restricted\" src=\"https:\/\/informatepy.com\/2024\/2023\/05\/29\/efrain-se-aferra-a-la-presidencia-del-plra\/embed\/#?secret=qM5MnoczJP\" width=\"600\" height=\"338\" title=\"\u00abEfra\u00edn \u00abse aferra\u00bb a la presidencia del PLRA\u00bb \u2014 Informate Py Creemos en la libertad de expresi\u00f3n y en la capacidad de la gente de reflexionar\u00a0por\u00a0si\u00a0misma\" data-secret=\"qM5MnoczJP\" frameborder=\"0\" marginwidth=\"0\" marginheight=\"0\" scrolling=\"no\" class=\"wp-embedded-content\"><\/iframe><script type=\"text\/javascript\">\n\/* <![CDATA[ *\/\n\/*! This file is auto-generated *\/\n!function(d,l){\"use strict\";l.querySelector&&d.addEventListener&&\"undefined\"!=typeof URL&&(d.wp=d.wp||{},d.wp.receiveEmbedMessage||(d.wp.receiveEmbedMessage=function(e){var t=e.data;if((t||t.secret||t.message||t.value)&&!\/[^a-zA-Z0-9]\/.test(t.secret)){for(var s,r,n,a=l.querySelectorAll('iframe[data-secret=\"'+t.secret+'\"]'),o=l.querySelectorAll('blockquote[data-secret=\"'+t.secret+'\"]'),c=new RegExp(\"^https?:$\",\"i\"),i=0;i<o.length;i++)o[i].style.display=\"none\";for(i=0;i<a.length;i++)s=a[i],e.source===s.contentWindow&&(s.removeAttribute(\"style\"),\"height\"===t.message?(1e3<(r=parseInt(t.value,10))?r=1e3:~~r<200&&(r=200),s.height=r):\"link\"===t.message&&(r=new URL(s.getAttribute(\"src\")),n=new URL(t.value),c.test(n.protocol))&&n.host===r.host&&l.activeElement===s&&(d.top.location.href=t.value))}},d.addEventListener(\"message\",d.wp.receiveEmbedMessage,!1),l.addEventListener(\"DOMContentLoaded\",function(){for(var e,t,s=l.querySelectorAll(\"iframe.wp-embedded-content\"),r=0;r<s.length;r++)(t=(e=s[r]).getAttribute(\"data-secret\"))||(t=Math.random().toString(36).substring(2,12),e.src+=\"#?secret=\"+t,e.setAttribute(\"data-secret\",t)),e.contentWindow.postMessage({message:\"ready\",secret:t},\"*\")},!1)))}(window,document);\n\/\/# sourceURL=https:\/\/informatepy.com\/2024\/wp-includes\/js\/wp-embed.min.js\n\/* ]]> *\/\n<\/script>\n","thumbnail_url":"https:\/\/i0.wp.com\/informatepy.com\/2024\/wp-content\/uploads\/2022\/08\/efrain-alegre.jpg?fit=1280%2C640&ssl=1","thumbnail_width":1280,"thumbnail_height":640,"description":"El vicepresidente del Partido Liberal Radical Aut\u00e9ntico (PLRA), Hugo Fleitas, afirm\u00f3 en la 1020 AM que el presidente, Efra\u00edn Alegre, no descarta la posibilidad de dejar el cargo, pero no renunciar\u00e1 sino que pedir\u00e1 permiso. Luego de la derrota del 30 de abril, la tercera consecutiva en elecciones generales, Alegre es cuestionado por gran parte [&hellip;]"}

Informate Py Creemos en la libertad de expresión y en la capacidad de la gente de reflexionar por si misma

Efraín "se aferra" a la presidencia del PLRA - Informate Py Creemos en la libertad de expresión y en la capacidad de la gente de reflexionar por si misma

<blockquote class="wp-embedded-content" data-secret="qM5MnoczJP"><a href="https://informatepy.com/2024/2023/05/29/efrain-se-aferra-a-la-presidencia-del-plra/">Efraín «se aferra» a la presidencia del PLRA</a></blockquote><iframe sandbox="allow-scripts" security="restricted" src="https://informatepy.com/2024/2023/05/29/efrain-se-aferra-a-la-presidencia-del-plra/embed/#?secret=qM5MnoczJP" width="600" height="338" title="«Efraín «se aferra» a la presidencia del PLRA» — Informate Py Creemos en la libertad de expresión y en la capacidad de la gente de reflexionar por si misma" data-secret="qM5MnoczJP" frameborder="0" marginwidth="0" marginheight="0" scrolling="no" class="wp-embedded-content"></iframe><script type="text/javascript">
/* <![CDATA[ */
/*! This file is auto-generated */
!function(d,l){"use strict";l.querySelector&&d.addEventListener&&"undefined"!=typeof URL&&(d.wp=d.wp||{},d.wp.receiveEmbedMessage||(d.wp.receiveEmbedMessage=function(e){var t=e.data;if((t||t.secret||t.message||t.value)&&!/[^a-zA-Z0-9]/.test(t.secret)){for(var s,r,n,a=l.querySelectorAll('iframe[data-secret="'+t.secret+'"]'),o=l.querySelectorAll('blockquote[data-secret="'+t.secret+'"]'),c=new RegExp("^https?:$","i"),i=0;i<o.length;i++)o[i].style.display="none";for(i=0;i<a.length;i++)s=a[i],e.source===s.contentWindow&&(s.removeAttribute("style"),"height"===t.message?(1e3<(r=parseInt(t.value,10))?r=1e3:~~r<200&&(r=200),s.height=r):"link"===t.message&&(r=new URL(s.getAttribute("src")),n=new URL(t.value),c.test(n.protocol))&&n.host===r.host&&l.activeElement===s&&(d.top.location.href=t.value))}},d.addEventListener("message",d.wp.receiveEmbedMessage,!1),l.addEventListener("DOMContentLoaded",function(){for(var e,t,s=l.querySelectorAll("iframe.wp-embedded-content"),r=0;r<s.length;r++)(t=(e=s[r]).getAttribute("data-secret"))||(t=Math.random().toString(36).substring(2,12),e.src+="#?secret="+t,e.setAttribute("data-secret",t)),e.contentWindow.postMessage({message:"ready",secret:t},"*")},!1)))}(window,document);
//# sourceURL=https://informatepy.com/2024/wp-includes/js/wp-embed.min.js
/* ]]> */
</script>

El vicepresidente del Partido Liberal Radical Auténtico (PLRA), Hugo Fleitas, afirmó en la 1020 AM que el presidente, Efraín Alegre, no descarta la posibilidad de dejar el cargo, pero no renunciará sino que pedirá permiso. Luego de la derrota del 30 de abril, la tercera consecutiva en elecciones generales, Alegre es cuestionado por gran parte [&hellip;]
