{"version":"1.0","provider_name":"Informate Py Creemos en la libertad de expresi\u00f3n y en la capacidad de la gente de reflexionar\u00a0por\u00a0si\u00a0misma","provider_url":"https:\/\/informatepy.com\/2024","title":"Dirigentes liberales piden la renuncia de Efra\u00edn Alegre - Informate Py Creemos en la libertad de expresi\u00f3n y en la capacidad de la gente de reflexionar\u00a0por\u00a0si\u00a0misma","type":"rich","width":600,"height":338,"html":"<blockquote class=\"wp-embedded-content\" data-secret=\"4RD59epLpP\"><a href=\"https:\/\/informatepy.com\/2024\/2023\/05\/03\/dirigentes-liberales-piden-la-renuncia-de-efrain-alegre\/\">Dirigentes liberales piden la renuncia de Efra\u00edn Alegre<\/a><\/blockquote><iframe sandbox=\"allow-scripts\" security=\"restricted\" src=\"https:\/\/informatepy.com\/2024\/2023\/05\/03\/dirigentes-liberales-piden-la-renuncia-de-efrain-alegre\/embed\/#?secret=4RD59epLpP\" width=\"600\" height=\"338\" title=\"\u00abDirigentes liberales piden la renuncia de Efra\u00edn Alegre\u00bb \u2014 Informate Py Creemos en la libertad de expresi\u00f3n y en la capacidad de la gente de reflexionar\u00a0por\u00a0si\u00a0misma\" data-secret=\"4RD59epLpP\" frameborder=\"0\" marginwidth=\"0\" marginheight=\"0\" scrolling=\"no\" class=\"wp-embedded-content\"><\/iframe><script type=\"text\/javascript\">\n\/* <![CDATA[ *\/\n\/*! This file is auto-generated *\/\n!function(d,l){\"use strict\";l.querySelector&&d.addEventListener&&\"undefined\"!=typeof URL&&(d.wp=d.wp||{},d.wp.receiveEmbedMessage||(d.wp.receiveEmbedMessage=function(e){var t=e.data;if((t||t.secret||t.message||t.value)&&!\/[^a-zA-Z0-9]\/.test(t.secret)){for(var s,r,n,a=l.querySelectorAll('iframe[data-secret=\"'+t.secret+'\"]'),o=l.querySelectorAll('blockquote[data-secret=\"'+t.secret+'\"]'),c=new RegExp(\"^https?:$\",\"i\"),i=0;i<o.length;i++)o[i].style.display=\"none\";for(i=0;i<a.length;i++)s=a[i],e.source===s.contentWindow&&(s.removeAttribute(\"style\"),\"height\"===t.message?(1e3<(r=parseInt(t.value,10))?r=1e3:~~r<200&&(r=200),s.height=r):\"link\"===t.message&&(r=new URL(s.getAttribute(\"src\")),n=new URL(t.value),c.test(n.protocol))&&n.host===r.host&&l.activeElement===s&&(d.top.location.href=t.value))}},d.addEventListener(\"message\",d.wp.receiveEmbedMessage,!1),l.addEventListener(\"DOMContentLoaded\",function(){for(var e,t,s=l.querySelectorAll(\"iframe.wp-embedded-content\"),r=0;r<s.length;r++)(t=(e=s[r]).getAttribute(\"data-secret\"))||(t=Math.random().toString(36).substring(2,12),e.src+=\"#?secret=\"+t,e.setAttribute(\"data-secret\",t)),e.contentWindow.postMessage({message:\"ready\",secret:t},\"*\")},!1)))}(window,document);\n\/\/# sourceURL=https:\/\/informatepy.com\/2024\/wp-includes\/js\/wp-embed.min.js\n\/* ]]> *\/\n<\/script>\n","thumbnail_url":"https:\/\/i0.wp.com\/informatepy.com\/2024\/wp-content\/uploads\/2021\/02\/PLRA.jpg?fit=1920%2C1002&ssl=1","thumbnail_width":1920,"thumbnail_height":1002,"description":"Varios dirigentes del Partido Liberal Radical Aut\u00e9ntico (PLRA) se manifestaron p\u00fablicamente pidiendo que el actual presidente del partido, Efra\u00edn Alegre, de un paso al costado tras su tercera derrota en las elecciones generales del pasado domingo. El gobernador de Central electo, Ricardo Estigarribia, se\u00f1al\u00f3 que el presidente debe renunciar a su cargo, \u201cEfra\u00edn (Alegre) debe [&hellip;]"}

Informate Py Creemos en la libertad de expresión y en la capacidad de la gente de reflexionar por si misma

Dirigentes liberales piden la renuncia de Efraín Alegre - Informate Py Creemos en la libertad de expresión y en la capacidad de la gente de reflexionar por si misma

<blockquote class="wp-embedded-content" data-secret="4RD59epLpP"><a href="https://informatepy.com/2024/2023/05/03/dirigentes-liberales-piden-la-renuncia-de-efrain-alegre/">Dirigentes liberales piden la renuncia de Efraín Alegre</a></blockquote><iframe sandbox="allow-scripts" security="restricted" src="https://informatepy.com/2024/2023/05/03/dirigentes-liberales-piden-la-renuncia-de-efrain-alegre/embed/#?secret=4RD59epLpP" width="600" height="338" title="«Dirigentes liberales piden la renuncia de Efraín Alegre» — Informate Py Creemos en la libertad de expresión y en la capacidad de la gente de reflexionar por si misma" data-secret="4RD59epLpP" frameborder="0" marginwidth="0" marginheight="0" scrolling="no" class="wp-embedded-content"></iframe><script type="text/javascript">
/* <![CDATA[ */
/*! This file is auto-generated */
!function(d,l){"use strict";l.querySelector&&d.addEventListener&&"undefined"!=typeof URL&&(d.wp=d.wp||{},d.wp.receiveEmbedMessage||(d.wp.receiveEmbedMessage=function(e){var t=e.data;if((t||t.secret||t.message||t.value)&&!/[^a-zA-Z0-9]/.test(t.secret)){for(var s,r,n,a=l.querySelectorAll('iframe[data-secret="'+t.secret+'"]'),o=l.querySelectorAll('blockquote[data-secret="'+t.secret+'"]'),c=new RegExp("^https?:$","i"),i=0;i<o.length;i++)o[i].style.display="none";for(i=0;i<a.length;i++)s=a[i],e.source===s.contentWindow&&(s.removeAttribute("style"),"height"===t.message?(1e3<(r=parseInt(t.value,10))?r=1e3:~~r<200&&(r=200),s.height=r):"link"===t.message&&(r=new URL(s.getAttribute("src")),n=new URL(t.value),c.test(n.protocol))&&n.host===r.host&&l.activeElement===s&&(d.top.location.href=t.value))}},d.addEventListener("message",d.wp.receiveEmbedMessage,!1),l.addEventListener("DOMContentLoaded",function(){for(var e,t,s=l.querySelectorAll("iframe.wp-embedded-content"),r=0;r<s.length;r++)(t=(e=s[r]).getAttribute("data-secret"))||(t=Math.random().toString(36).substring(2,12),e.src+="#?secret="+t,e.setAttribute("data-secret",t)),e.contentWindow.postMessage({message:"ready",secret:t},"*")},!1)))}(window,document);
//# sourceURL=https://informatepy.com/2024/wp-includes/js/wp-embed.min.js
/* ]]> */
</script>

Varios dirigentes del Partido Liberal Radical Auténtico (PLRA) se manifestaron públicamente pidiendo que el actual presidente del partido, Efraín Alegre, de un paso al costado tras su tercera derrota en las elecciones generales del pasado domingo. El gobernador de Central electo, Ricardo Estigarribia, señaló que el presidente debe renunciar a su cargo, “Efraín (Alegre) debe [&hellip;]
