{"version":"1.0","provider_name":"Informate Py Creemos en la libertad de expresi\u00f3n y en la capacidad de la gente de reflexionar\u00a0por\u00a0si\u00a0misma","provider_url":"https:\/\/informatepy.com\/2024","title":"Isabel II y el culto a los reptiles - Informate Py Creemos en la libertad de expresi\u00f3n y en la capacidad de la gente de reflexionar\u00a0por\u00a0si\u00a0misma","type":"rich","width":600,"height":338,"html":"<blockquote class=\"wp-embedded-content\" data-secret=\"1fBYK1QMZB\"><a href=\"https:\/\/informatepy.com\/2024\/2022\/02\/09\/isabel-ii-y-el-culto-a-los-reptiles\/\">Isabel II y el culto a los reptiles<\/a><\/blockquote><iframe sandbox=\"allow-scripts\" security=\"restricted\" src=\"https:\/\/informatepy.com\/2024\/2022\/02\/09\/isabel-ii-y-el-culto-a-los-reptiles\/embed\/#?secret=1fBYK1QMZB\" width=\"600\" height=\"338\" title=\"\u00abIsabel II y el culto a los reptiles\u00bb \u2014 Informate Py Creemos en la libertad de expresi\u00f3n y en la capacidad de la gente de reflexionar\u00a0por\u00a0si\u00a0misma\" data-secret=\"1fBYK1QMZB\" frameborder=\"0\" marginwidth=\"0\" marginheight=\"0\" scrolling=\"no\" class=\"wp-embedded-content\"><\/iframe><script type=\"text\/javascript\">\n\/* <![CDATA[ *\/\n\/*! This file is auto-generated *\/\n!function(d,l){\"use strict\";l.querySelector&&d.addEventListener&&\"undefined\"!=typeof URL&&(d.wp=d.wp||{},d.wp.receiveEmbedMessage||(d.wp.receiveEmbedMessage=function(e){var t=e.data;if((t||t.secret||t.message||t.value)&&!\/[^a-zA-Z0-9]\/.test(t.secret)){for(var s,r,n,a=l.querySelectorAll('iframe[data-secret=\"'+t.secret+'\"]'),o=l.querySelectorAll('blockquote[data-secret=\"'+t.secret+'\"]'),c=new RegExp(\"^https?:$\",\"i\"),i=0;i<o.length;i++)o[i].style.display=\"none\";for(i=0;i<a.length;i++)s=a[i],e.source===s.contentWindow&&(s.removeAttribute(\"style\"),\"height\"===t.message?(1e3<(r=parseInt(t.value,10))?r=1e3:~~r<200&&(r=200),s.height=r):\"link\"===t.message&&(r=new URL(s.getAttribute(\"src\")),n=new URL(t.value),c.test(n.protocol))&&n.host===r.host&&l.activeElement===s&&(d.top.location.href=t.value))}},d.addEventListener(\"message\",d.wp.receiveEmbedMessage,!1),l.addEventListener(\"DOMContentLoaded\",function(){for(var e,t,s=l.querySelectorAll(\"iframe.wp-embedded-content\"),r=0;r<s.length;r++)(t=(e=s[r]).getAttribute(\"data-secret\"))||(t=Math.random().toString(36).substring(2,12),e.src+=\"#?secret=\"+t,e.setAttribute(\"data-secret\",t)),e.contentWindow.postMessage({message:\"ready\",secret:t},\"*\")},!1)))}(window,document);\n\/\/# sourceURL=https:\/\/informatepy.com\/2024\/wp-includes\/js\/wp-embed.min.js\n\/* ]]> *\/\n<\/script>\n","thumbnail_url":"https:\/\/i0.wp.com\/informatepy.com\/2024\/wp-content\/uploads\/2022\/02\/isabel-ii-2.jpg?fit=1200%2C740&ssl=1","thumbnail_width":1200,"thumbnail_height":740,"description":"Isabel II de Inglaterra est\u00e1 celebrando 70 a\u00f1os de reinado en Britania (para los que no lo saben, yo no escribo \u201cGran\u201d Breta\u00f1a, que es una sutileza de los ingleses, como siempre, para denominarse a s\u00ed mismos geogr\u00e1ficamente; el nombre que los romanos dieron a esas islas es \u201cBritania\u201d) y esta es una excelente ocasi\u00f3n [&hellip;]"}

Informate Py Creemos en la libertad de expresión y en la capacidad de la gente de reflexionar por si misma

Isabel II y el culto a los reptiles - Informate Py Creemos en la libertad de expresión y en la capacidad de la gente de reflexionar por si misma

<blockquote class="wp-embedded-content" data-secret="1fBYK1QMZB"><a href="https://informatepy.com/2024/2022/02/09/isabel-ii-y-el-culto-a-los-reptiles/">Isabel II y el culto a los reptiles</a></blockquote><iframe sandbox="allow-scripts" security="restricted" src="https://informatepy.com/2024/2022/02/09/isabel-ii-y-el-culto-a-los-reptiles/embed/#?secret=1fBYK1QMZB" width="600" height="338" title="«Isabel II y el culto a los reptiles» — Informate Py Creemos en la libertad de expresión y en la capacidad de la gente de reflexionar por si misma" data-secret="1fBYK1QMZB" frameborder="0" marginwidth="0" marginheight="0" scrolling="no" class="wp-embedded-content"></iframe><script type="text/javascript">
/* <![CDATA[ */
/*! This file is auto-generated */
!function(d,l){"use strict";l.querySelector&&d.addEventListener&&"undefined"!=typeof URL&&(d.wp=d.wp||{},d.wp.receiveEmbedMessage||(d.wp.receiveEmbedMessage=function(e){var t=e.data;if((t||t.secret||t.message||t.value)&&!/[^a-zA-Z0-9]/.test(t.secret)){for(var s,r,n,a=l.querySelectorAll('iframe[data-secret="'+t.secret+'"]'),o=l.querySelectorAll('blockquote[data-secret="'+t.secret+'"]'),c=new RegExp("^https?:$","i"),i=0;i<o.length;i++)o[i].style.display="none";for(i=0;i<a.length;i++)s=a[i],e.source===s.contentWindow&&(s.removeAttribute("style"),"height"===t.message?(1e3<(r=parseInt(t.value,10))?r=1e3:~~r<200&&(r=200),s.height=r):"link"===t.message&&(r=new URL(s.getAttribute("src")),n=new URL(t.value),c.test(n.protocol))&&n.host===r.host&&l.activeElement===s&&(d.top.location.href=t.value))}},d.addEventListener("message",d.wp.receiveEmbedMessage,!1),l.addEventListener("DOMContentLoaded",function(){for(var e,t,s=l.querySelectorAll("iframe.wp-embedded-content"),r=0;r<s.length;r++)(t=(e=s[r]).getAttribute("data-secret"))||(t=Math.random().toString(36).substring(2,12),e.src+="#?secret="+t,e.setAttribute("data-secret",t)),e.contentWindow.postMessage({message:"ready",secret:t},"*")},!1)))}(window,document);
//# sourceURL=https://informatepy.com/2024/wp-includes/js/wp-embed.min.js
/* ]]> */
</script>

Isabel II de Inglaterra está celebrando 70 años de reinado en Britania (para los que no lo saben, yo no escribo “Gran” Bretaña, que es una sutileza de los ingleses, como siempre, para denominarse a sí mismos geográficamente; el nombre que los romanos dieron a esas islas es “Britania”) y esta es una excelente ocasión [&hellip;]
