{"version":"1.0","provider_name":"Informate Py Creemos en la libertad de expresi\u00f3n y en la capacidad de la gente de reflexionar\u00a0por\u00a0si\u00a0misma","provider_url":"https:\/\/informatepy.com\/2024","title":"ENCARNACI\u00d3N: El naranja tiene rojo en su composici\u00f3n - Informate Py Creemos en la libertad de expresi\u00f3n y en la capacidad de la gente de reflexionar\u00a0por\u00a0si\u00a0misma","type":"rich","width":600,"height":338,"html":"<blockquote class=\"wp-embedded-content\" data-secret=\"lAY9JgxbrZ\"><a href=\"https:\/\/informatepy.com\/2024\/2021\/10\/11\/encarnacion-el-naranja-tiene-rojo-en-su-composicion\/\">ENCARNACI\u00d3N: El naranja tiene rojo en su composici\u00f3n<\/a><\/blockquote><iframe sandbox=\"allow-scripts\" security=\"restricted\" src=\"https:\/\/informatepy.com\/2024\/2021\/10\/11\/encarnacion-el-naranja-tiene-rojo-en-su-composicion\/embed\/#?secret=lAY9JgxbrZ\" width=\"600\" height=\"338\" title=\"\u00abENCARNACI\u00d3N: El naranja tiene rojo en su composici\u00f3n\u00bb \u2014 Informate Py Creemos en la libertad de expresi\u00f3n y en la capacidad de la gente de reflexionar\u00a0por\u00a0si\u00a0misma\" data-secret=\"lAY9JgxbrZ\" frameborder=\"0\" marginwidth=\"0\" marginheight=\"0\" scrolling=\"no\" class=\"wp-embedded-content\"><\/iframe><script type=\"text\/javascript\">\n\/* <![CDATA[ *\/\n\/*! This file is auto-generated *\/\n!function(d,l){\"use strict\";l.querySelector&&d.addEventListener&&\"undefined\"!=typeof URL&&(d.wp=d.wp||{},d.wp.receiveEmbedMessage||(d.wp.receiveEmbedMessage=function(e){var t=e.data;if((t||t.secret||t.message||t.value)&&!\/[^a-zA-Z0-9]\/.test(t.secret)){for(var s,r,n,a=l.querySelectorAll('iframe[data-secret=\"'+t.secret+'\"]'),o=l.querySelectorAll('blockquote[data-secret=\"'+t.secret+'\"]'),c=new RegExp(\"^https?:$\",\"i\"),i=0;i<o.length;i++)o[i].style.display=\"none\";for(i=0;i<a.length;i++)s=a[i],e.source===s.contentWindow&&(s.removeAttribute(\"style\"),\"height\"===t.message?(1e3<(r=parseInt(t.value,10))?r=1e3:~~r<200&&(r=200),s.height=r):\"link\"===t.message&&(r=new URL(s.getAttribute(\"src\")),n=new URL(t.value),c.test(n.protocol))&&n.host===r.host&&l.activeElement===s&&(d.top.location.href=t.value))}},d.addEventListener(\"message\",d.wp.receiveEmbedMessage,!1),l.addEventListener(\"DOMContentLoaded\",function(){for(var e,t,s=l.querySelectorAll(\"iframe.wp-embedded-content\"),r=0;r<s.length;r++)(t=(e=s[r]).getAttribute(\"data-secret\"))||(t=Math.random().toString(36).substring(2,12),e.src+=\"#?secret=\"+t,e.setAttribute(\"data-secret\",t)),e.contentWindow.postMessage({message:\"ready\",secret:t},\"*\")},!1)))}(window,document);\n\/\/# sourceURL=https:\/\/informatepy.com\/2024\/wp-includes\/js\/wp-embed.min.js\n\/* ]]> *\/\n<\/script>\n","thumbnail_url":"https:\/\/i0.wp.com\/informatepy.com\/2024\/wp-content\/uploads\/2021\/10\/intendencia-encarnacion.jpg?fit=742%2C495&ssl=1","thumbnail_width":742,"thumbnail_height":495,"description":"Las elecciones municipales de la ciudad de Encarnaci\u00f3n tienen un claro ganador, fue reelecto por amplio margen, casi 8000 votos, el se\u00f1or Luis Yd como Intendente de la perla del Sur. Pero, no solo \u00e9l fue el gran vencedor, pasando a la junta municipal los hay dos, uno el candidato m\u00e1s votado de todos, el [&hellip;]"}

Informate Py Creemos en la libertad de expresión y en la capacidad de la gente de reflexionar por si misma

ENCARNACIÓN: El naranja tiene rojo en su composición - Informate Py Creemos en la libertad de expresión y en la capacidad de la gente de reflexionar por si misma

<blockquote class="wp-embedded-content" data-secret="lAY9JgxbrZ"><a href="https://informatepy.com/2024/2021/10/11/encarnacion-el-naranja-tiene-rojo-en-su-composicion/">ENCARNACIÓN: El naranja tiene rojo en su composición</a></blockquote><iframe sandbox="allow-scripts" security="restricted" src="https://informatepy.com/2024/2021/10/11/encarnacion-el-naranja-tiene-rojo-en-su-composicion/embed/#?secret=lAY9JgxbrZ" width="600" height="338" title="«ENCARNACIÓN: El naranja tiene rojo en su composición» — Informate Py Creemos en la libertad de expresión y en la capacidad de la gente de reflexionar por si misma" data-secret="lAY9JgxbrZ" frameborder="0" marginwidth="0" marginheight="0" scrolling="no" class="wp-embedded-content"></iframe><script type="text/javascript">
/* <![CDATA[ */
/*! This file is auto-generated */
!function(d,l){"use strict";l.querySelector&&d.addEventListener&&"undefined"!=typeof URL&&(d.wp=d.wp||{},d.wp.receiveEmbedMessage||(d.wp.receiveEmbedMessage=function(e){var t=e.data;if((t||t.secret||t.message||t.value)&&!/[^a-zA-Z0-9]/.test(t.secret)){for(var s,r,n,a=l.querySelectorAll('iframe[data-secret="'+t.secret+'"]'),o=l.querySelectorAll('blockquote[data-secret="'+t.secret+'"]'),c=new RegExp("^https?:$","i"),i=0;i<o.length;i++)o[i].style.display="none";for(i=0;i<a.length;i++)s=a[i],e.source===s.contentWindow&&(s.removeAttribute("style"),"height"===t.message?(1e3<(r=parseInt(t.value,10))?r=1e3:~~r<200&&(r=200),s.height=r):"link"===t.message&&(r=new URL(s.getAttribute("src")),n=new URL(t.value),c.test(n.protocol))&&n.host===r.host&&l.activeElement===s&&(d.top.location.href=t.value))}},d.addEventListener("message",d.wp.receiveEmbedMessage,!1),l.addEventListener("DOMContentLoaded",function(){for(var e,t,s=l.querySelectorAll("iframe.wp-embedded-content"),r=0;r<s.length;r++)(t=(e=s[r]).getAttribute("data-secret"))||(t=Math.random().toString(36).substring(2,12),e.src+="#?secret="+t,e.setAttribute("data-secret",t)),e.contentWindow.postMessage({message:"ready",secret:t},"*")},!1)))}(window,document);
//# sourceURL=https://informatepy.com/2024/wp-includes/js/wp-embed.min.js
/* ]]> */
</script>

Las elecciones municipales de la ciudad de Encarnación tienen un claro ganador, fue reelecto por amplio margen, casi 8000 votos, el señor Luis Yd como Intendente de la perla del Sur. Pero, no solo él fue el gran vencedor, pasando a la junta municipal los hay dos, uno el candidato más votado de todos, el [&hellip;]
