{"version":"1.0","provider_name":"Informatepy.com","provider_url":"https:\/\/informatepy.com\/2022","title":"\u00bfNace una verdadera derecha en la Argentina? - Informatepy.com","type":"rich","width":600,"height":338,"html":"<blockquote class=\"wp-embedded-content\" data-secret=\"UvZvB6qyls\"><a href=\"https:\/\/informatepy.com\/2022\/2021\/08\/08\/nace-una-verdadera-derecha-en-la-argentina\/\">\u00bfNace una verdadera derecha en la Argentina?<\/a><\/blockquote><iframe sandbox=\"allow-scripts\" security=\"restricted\" src=\"https:\/\/informatepy.com\/2022\/2021\/08\/08\/nace-una-verdadera-derecha-en-la-argentina\/embed\/#?secret=UvZvB6qyls\" width=\"600\" height=\"338\" title=\"\u00ab\u00bfNace una verdadera derecha en la Argentina?\u00bb \u2014 Informatepy.com\" data-secret=\"UvZvB6qyls\" frameborder=\"0\" marginwidth=\"0\" marginheight=\"0\" scrolling=\"no\" class=\"wp-embedded-content\"><\/iframe><script type=\"text\/javascript\">\n\/* <![CDATA[ *\/\n\/*! This file is auto-generated *\/\n!function(d,l){\"use strict\";l.querySelector&&d.addEventListener&&\"undefined\"!=typeof URL&&(d.wp=d.wp||{},d.wp.receiveEmbedMessage||(d.wp.receiveEmbedMessage=function(e){var t=e.data;if((t||t.secret||t.message||t.value)&&!\/[^a-zA-Z0-9]\/.test(t.secret)){for(var s,r,n,a=l.querySelectorAll('iframe[data-secret=\"'+t.secret+'\"]'),o=l.querySelectorAll('blockquote[data-secret=\"'+t.secret+'\"]'),c=new RegExp(\"^https?:$\",\"i\"),i=0;i<o.length;i++)o[i].style.display=\"none\";for(i=0;i<a.length;i++)s=a[i],e.source===s.contentWindow&&(s.removeAttribute(\"style\"),\"height\"===t.message?(1e3<(r=parseInt(t.value,10))?r=1e3:~~r<200&&(r=200),s.height=r):\"link\"===t.message&&(r=new URL(s.getAttribute(\"src\")),n=new URL(t.value),c.test(n.protocol))&&n.host===r.host&&l.activeElement===s&&(d.top.location.href=t.value))}},d.addEventListener(\"message\",d.wp.receiveEmbedMessage,!1),l.addEventListener(\"DOMContentLoaded\",function(){for(var e,t,s=l.querySelectorAll(\"iframe.wp-embedded-content\"),r=0;r<s.length;r++)(t=(e=s[r]).getAttribute(\"data-secret\"))||(t=Math.random().toString(36).substring(2,12),e.src+=\"#?secret=\"+t,e.setAttribute(\"data-secret\",t)),e.contentWindow.postMessage({message:\"ready\",secret:t},\"*\")},!1)))}(window,document);\n\/\/# sourceURL=https:\/\/informatepy.com\/2022\/wp-includes\/js\/wp-embed.min.js\n\/* ]]> *\/\n<\/script>\n","thumbnail_url":"https:\/\/i0.wp.com\/informatepy.com\/2022\/wp-content\/uploads\/2021\/08\/javier-milei.jpg?fit=679%2C446&ssl=1","thumbnail_width":679,"thumbnail_height":446,"description":"Javier Milei hace historia y lanza oficialmente\u00a0su precandidatura como Diputado Nacional por la Ciudad de Buenos Aires\u00a0en un masivo acto en la Plaza Holanda del tradicional barrio de Palermo. Del mitin participaron alrededor de 5.000 personas y todos los candidatos de esa nueva fuerza pol\u00edtica de derecha. Acompa\u00f1aron a Milei, quien no hizo concesiones ideol\u00f3gicas [&hellip;]"}

Javier Milei hace historia y lanza oficialmente su precandidatura como Diputado Nacional por la Ciudad de Buenos Aires en un masivo acto en la Plaza Holanda del tradicional barrio de Palermo. Del mitin participaron alrededor de 5.000 personas y todos los candidatos de esa nueva fuerza política de derecha. Acompañaron a Milei, quien no hizo concesiones ideológicas [&hellip;]
