{"version":"1.0","provider_name":"Informatepy","provider_url":"https:\/\/informatepy.com\/2021","author_name":"Ra\u00fal Melamed","author_url":"https:\/\/informatepy.com\/2021\/author\/raulmelamed\/","title":"Braden o Per\u00f3n. Cartes o el maric\u00f3n - Informatepy","type":"rich","width":600,"height":338,"html":"<blockquote class=\"wp-embedded-content\" data-secret=\"BkdKAxweFN\"><a href=\"https:\/\/informatepy.com\/2021\/2022\/08\/03\/braden-o-peron-cartes-o-el-maricon\/\">Braden o Per\u00f3n. Cartes o el maric\u00f3n<\/a><\/blockquote><iframe sandbox=\"allow-scripts\" security=\"restricted\" src=\"https:\/\/informatepy.com\/2021\/2022\/08\/03\/braden-o-peron-cartes-o-el-maricon\/embed\/#?secret=BkdKAxweFN\" width=\"600\" height=\"338\" title=\"\u00abBraden o Per\u00f3n. Cartes o el maric\u00f3n\u00bb \u2014 Informatepy\" data-secret=\"BkdKAxweFN\" frameborder=\"0\" marginwidth=\"0\" marginheight=\"0\" scrolling=\"no\" class=\"wp-embedded-content\"><\/iframe><script type=\"text\/javascript\">\n\/* <![CDATA[ *\/\n\/*! This file is auto-generated *\/\n!function(d,l){\"use strict\";l.querySelector&&d.addEventListener&&\"undefined\"!=typeof URL&&(d.wp=d.wp||{},d.wp.receiveEmbedMessage||(d.wp.receiveEmbedMessage=function(e){var t=e.data;if((t||t.secret||t.message||t.value)&&!\/[^a-zA-Z0-9]\/.test(t.secret)){for(var s,r,n,a=l.querySelectorAll('iframe[data-secret=\"'+t.secret+'\"]'),o=l.querySelectorAll('blockquote[data-secret=\"'+t.secret+'\"]'),c=new RegExp(\"^https?:$\",\"i\"),i=0;i<o.length;i++)o[i].style.display=\"none\";for(i=0;i<a.length;i++)s=a[i],e.source===s.contentWindow&&(s.removeAttribute(\"style\"),\"height\"===t.message?(1e3<(r=parseInt(t.value,10))?r=1e3:~~r<200&&(r=200),s.height=r):\"link\"===t.message&&(r=new URL(s.getAttribute(\"src\")),n=new URL(t.value),c.test(n.protocol))&&n.host===r.host&&l.activeElement===s&&(d.top.location.href=t.value))}},d.addEventListener(\"message\",d.wp.receiveEmbedMessage,!1),l.addEventListener(\"DOMContentLoaded\",function(){for(var e,t,s=l.querySelectorAll(\"iframe.wp-embedded-content\"),r=0;r<s.length;r++)(t=(e=s[r]).getAttribute(\"data-secret\"))||(t=Math.random().toString(36).substring(2,12),e.src+=\"#?secret=\"+t,e.setAttribute(\"data-secret\",t)),e.contentWindow.postMessage({message:\"ready\",secret:t},\"*\")},!1)))}(window,document);\n\/\/# sourceURL=https:\/\/informatepy.com\/2021\/wp-includes\/js\/wp-embed.min.js\n\/* ]]> *\/\n<\/script>\n","thumbnail_url":"https:\/\/i0.wp.com\/informatepy.com\/2021\/wp-content\/uploads\/2021\/11\/raul-melamed-columnista.png?fit=1281%2C701&ssl=1","thumbnail_width":1281,"thumbnail_height":701,"description":"La hist\u00f3rica consigna \u00abBraden o Per\u00f3n\u00bb constituy\u00f3 una expresi\u00f3n de la divisi\u00f3n de la sociedad argentina en 1946 y, al mismo tiempo, una herramienta h\u00e1bilmente utilizada por Juan Domingo Per\u00f3n para ganar las elecciones presidenciales del 24 de febrero de ese a\u00f1o. \u00abEl conflicto de los siglos\u00bb es el t\u00edtulo de un libro escrito por [&hellip;]"}

Raúl Melamed

Braden o Perón. Cartes o el maricón - Informatepy

<blockquote class="wp-embedded-content" data-secret="BkdKAxweFN"><a href="https://informatepy.com/2021/2022/08/03/braden-o-peron-cartes-o-el-maricon/">Braden o Perón. Cartes o el maricón</a></blockquote><iframe sandbox="allow-scripts" security="restricted" src="https://informatepy.com/2021/2022/08/03/braden-o-peron-cartes-o-el-maricon/embed/#?secret=BkdKAxweFN" width="600" height="338" title="«Braden o Perón. Cartes o el maricón» — Informatepy" data-secret="BkdKAxweFN" frameborder="0" marginwidth="0" marginheight="0" scrolling="no" class="wp-embedded-content"></iframe><script type="text/javascript">
/* <![CDATA[ */
/*! This file is auto-generated */
!function(d,l){"use strict";l.querySelector&&d.addEventListener&&"undefined"!=typeof URL&&(d.wp=d.wp||{},d.wp.receiveEmbedMessage||(d.wp.receiveEmbedMessage=function(e){var t=e.data;if((t||t.secret||t.message||t.value)&&!/[^a-zA-Z0-9]/.test(t.secret)){for(var s,r,n,a=l.querySelectorAll('iframe[data-secret="'+t.secret+'"]'),o=l.querySelectorAll('blockquote[data-secret="'+t.secret+'"]'),c=new RegExp("^https?:$","i"),i=0;i<o.length;i++)o[i].style.display="none";for(i=0;i<a.length;i++)s=a[i],e.source===s.contentWindow&&(s.removeAttribute("style"),"height"===t.message?(1e3<(r=parseInt(t.value,10))?r=1e3:~~r<200&&(r=200),s.height=r):"link"===t.message&&(r=new URL(s.getAttribute("src")),n=new URL(t.value),c.test(n.protocol))&&n.host===r.host&&l.activeElement===s&&(d.top.location.href=t.value))}},d.addEventListener("message",d.wp.receiveEmbedMessage,!1),l.addEventListener("DOMContentLoaded",function(){for(var e,t,s=l.querySelectorAll("iframe.wp-embedded-content"),r=0;r<s.length;r++)(t=(e=s[r]).getAttribute("data-secret"))||(t=Math.random().toString(36).substring(2,12),e.src+="#?secret="+t,e.setAttribute("data-secret",t)),e.contentWindow.postMessage({message:"ready",secret:t},"*")},!1)))}(window,document);
//# sourceURL=https://informatepy.com/2021/wp-includes/js/wp-embed.min.js
/* ]]> */
</script>

La histórica consigna «Braden o Perón» constituyó una expresión de la división de la sociedad argentina en 1946 y, al mismo tiempo, una herramienta hábilmente utilizada por Juan Domingo Perón para ganar las elecciones presidenciales del 24 de febrero de ese año. «El conflicto de los siglos» es el título de un libro escrito por [&hellip;]
