{"version":"1.0","provider_name":"Informatepy","provider_url":"https:\/\/informatepy.com\/2021","author_name":"Arthur Charlan","author_url":"https:\/\/informatepy.com\/2021\/author\/acharlan\/","title":"Aborto, el holocausto de las democracias liberales - Informatepy","type":"rich","width":600,"height":338,"html":"<blockquote class=\"wp-embedded-content\" data-secret=\"bAE4pN0tK8\"><a href=\"https:\/\/informatepy.com\/2021\/2022\/03\/22\/aborto-el-holocausto-de-las-democracias-liberales\/\">Aborto, el holocausto de las democracias liberales<\/a><\/blockquote><iframe sandbox=\"allow-scripts\" security=\"restricted\" src=\"https:\/\/informatepy.com\/2021\/2022\/03\/22\/aborto-el-holocausto-de-las-democracias-liberales\/embed\/#?secret=bAE4pN0tK8\" width=\"600\" height=\"338\" title=\"\u00abAborto, el holocausto de las democracias liberales\u00bb \u2014 Informatepy\" data-secret=\"bAE4pN0tK8\" frameborder=\"0\" marginwidth=\"0\" marginheight=\"0\" scrolling=\"no\" class=\"wp-embedded-content\"><\/iframe><script type=\"text\/javascript\">\n\/* <![CDATA[ *\/\n\/*! This file is auto-generated *\/\n!function(d,l){\"use strict\";l.querySelector&&d.addEventListener&&\"undefined\"!=typeof URL&&(d.wp=d.wp||{},d.wp.receiveEmbedMessage||(d.wp.receiveEmbedMessage=function(e){var t=e.data;if((t||t.secret||t.message||t.value)&&!\/[^a-zA-Z0-9]\/.test(t.secret)){for(var s,r,n,a=l.querySelectorAll('iframe[data-secret=\"'+t.secret+'\"]'),o=l.querySelectorAll('blockquote[data-secret=\"'+t.secret+'\"]'),c=new RegExp(\"^https?:$\",\"i\"),i=0;i<o.length;i++)o[i].style.display=\"none\";for(i=0;i<a.length;i++)s=a[i],e.source===s.contentWindow&&(s.removeAttribute(\"style\"),\"height\"===t.message?(1e3<(r=parseInt(t.value,10))?r=1e3:~~r<200&&(r=200),s.height=r):\"link\"===t.message&&(r=new URL(s.getAttribute(\"src\")),n=new URL(t.value),c.test(n.protocol))&&n.host===r.host&&l.activeElement===s&&(d.top.location.href=t.value))}},d.addEventListener(\"message\",d.wp.receiveEmbedMessage,!1),l.addEventListener(\"DOMContentLoaded\",function(){for(var e,t,s=l.querySelectorAll(\"iframe.wp-embedded-content\"),r=0;r<s.length;r++)(t=(e=s[r]).getAttribute(\"data-secret\"))||(t=Math.random().toString(36).substring(2,12),e.src+=\"#?secret=\"+t,e.setAttribute(\"data-secret\",t)),e.contentWindow.postMessage({message:\"ready\",secret:t},\"*\")},!1)))}(window,document);\n\/\/# sourceURL=https:\/\/informatepy.com\/2021\/wp-includes\/js\/wp-embed.min.js\n\/* ]]> *\/\n<\/script>\n","thumbnail_url":"https:\/\/informatepy.com\/2021\/wp-content\/uploads\/2021\/12\/aborto.jpg","thumbnail_width":1247,"thumbnail_height":698,"description":"Quisiera comenzar este art\u00edculo se\u00f1alando a uno de los escritores que le\u00ed cuando ten\u00eda veinte a\u00f1os. La cita que extraigo es de uno de sus libros publicado en 1988, Versos Sat\u00e1nicos. Debido a este libro, el Ayatol\u00e1 Jomeini lanzo una fatua contra \u00e9l, odio islamista que dura hasta nuestros d\u00edas. \u00abLa misi\u00f3n del poeta es [&hellip;]"}

Quisiera comenzar este artículo señalando a uno de los escritores que leí cuando tenía veinte años. La cita que extraigo es de uno de sus libros publicado en 1988, Versos Satánicos. Debido a este libro, el Ayatolá Jomeini lanzo una fatua contra él, odio islamista que dura hasta nuestros días. «La misión del poeta es [&hellip;]
