{"version":"1.0","provider_name":"Informatepy","provider_url":"https:\/\/informatepy.com\/2021","author_name":"Emilio Urdapilleta","author_url":"https:\/\/informatepy.com\/2021\/author\/eurdapilleta\/","title":"Obituario: Pa\u00b4i Oliva, el bolchevique - Informatepy","type":"rich","width":600,"height":338,"html":"<blockquote class=\"wp-embedded-content\" data-secret=\"EeuVFhip3R\"><a href=\"https:\/\/informatepy.com\/2021\/2022\/01\/06\/obituario-pai-oliva-el-bolchevique\/\">Obituario: Pa\u00b4i Oliva, el bolchevique<\/a><\/blockquote><iframe sandbox=\"allow-scripts\" security=\"restricted\" src=\"https:\/\/informatepy.com\/2021\/2022\/01\/06\/obituario-pai-oliva-el-bolchevique\/embed\/#?secret=EeuVFhip3R\" width=\"600\" height=\"338\" title=\"\u00abObituario: Pa\u00b4i Oliva, el bolchevique\u00bb \u2014 Informatepy\" data-secret=\"EeuVFhip3R\" frameborder=\"0\" marginwidth=\"0\" marginheight=\"0\" scrolling=\"no\" class=\"wp-embedded-content\"><\/iframe><script type=\"text\/javascript\">\n\/* <![CDATA[ *\/\n\/*! This file is auto-generated *\/\n!function(d,l){\"use strict\";l.querySelector&&d.addEventListener&&\"undefined\"!=typeof URL&&(d.wp=d.wp||{},d.wp.receiveEmbedMessage||(d.wp.receiveEmbedMessage=function(e){var t=e.data;if((t||t.secret||t.message||t.value)&&!\/[^a-zA-Z0-9]\/.test(t.secret)){for(var s,r,n,a=l.querySelectorAll('iframe[data-secret=\"'+t.secret+'\"]'),o=l.querySelectorAll('blockquote[data-secret=\"'+t.secret+'\"]'),c=new RegExp(\"^https?:$\",\"i\"),i=0;i<o.length;i++)o[i].style.display=\"none\";for(i=0;i<a.length;i++)s=a[i],e.source===s.contentWindow&&(s.removeAttribute(\"style\"),\"height\"===t.message?(1e3<(r=parseInt(t.value,10))?r=1e3:~~r<200&&(r=200),s.height=r):\"link\"===t.message&&(r=new URL(s.getAttribute(\"src\")),n=new URL(t.value),c.test(n.protocol))&&n.host===r.host&&l.activeElement===s&&(d.top.location.href=t.value))}},d.addEventListener(\"message\",d.wp.receiveEmbedMessage,!1),l.addEventListener(\"DOMContentLoaded\",function(){for(var e,t,s=l.querySelectorAll(\"iframe.wp-embedded-content\"),r=0;r<s.length;r++)(t=(e=s[r]).getAttribute(\"data-secret\"))||(t=Math.random().toString(36).substring(2,12),e.src+=\"#?secret=\"+t,e.setAttribute(\"data-secret\",t)),e.contentWindow.postMessage({message:\"ready\",secret:t},\"*\")},!1)))}(window,document);\n\/\/# sourceURL=https:\/\/informatepy.com\/2021\/wp-includes\/js\/wp-embed.min.js\n\/* ]]> *\/\n<\/script>\n","thumbnail_url":"https:\/\/i1.wp.com\/informatepy.com\/2021\/wp-content\/uploads\/2022\/01\/pa-i-oliva-todos-somos-curuguaty.jpg?fit=729%2C547&ssl=1","thumbnail_width":729,"thumbnail_height":547,"description":"El Partido Comunista Paraguayo, en un comunicado oficial publicado en su cuenta de Facebook el 3 de enero de 2022, escribi\u00f3 la siguiente nota biogr\u00e1fica sobre Francisco de Paula Oliva, el extinto cura espa\u00f1ol que milit\u00f3 por las causas del progresismo y el marxismo en el Paraguay. La transcribimos \u00edntegra: &nbsp;&nbsp;&nbsp;&nbsp;&nbsp;&nbsp;&nbsp;&nbsp;&nbsp;&nbsp;&nbsp; \u201c\u00a1Hasta siempre Pa\u2019i Oliva!\u201d. [&hellip;]"}

El Partido Comunista Paraguayo, en un comunicado oficial publicado en su cuenta de Facebook el 3 de enero de 2022, escribió la siguiente nota biográfica sobre Francisco de Paula Oliva, el extinto cura español que militó por las causas del progresismo y el marxismo en el Paraguay. La transcribimos íntegra: &nbsp;&nbsp;&nbsp;&nbsp;&nbsp;&nbsp;&nbsp;&nbsp;&nbsp;&nbsp;&nbsp; “¡Hasta siempre Pa’i Oliva!”. [&hellip;]
